(-35 - -41 - ((2 - 0) + -1)) + 1.
6
Calculate -38 - ((-9 - 13) + -10).
-6
What is the value of -1 - -4 - (233 - 242)?
12
Calculate 1 + -2 + -26 - (59 + -95 + 37).
-28
Calculate -1 - (-2 - 5) - (-113 + 107).
12
What is (6 - (-1 - -6)) + (-35 - (-18 + 6))?
-22
What is the value of 39 - (39 + -26) - 22?
4
Evaluate -2 - (-10 + -4) - 36 - 7.
-31
What is the value of 32 + -40 + 2 - (1 + 18)?
-25
-10 + 0 + 1 + 12 + -15
-12
What is the value of -13 + -2 + (9 - -13)?
7
Calculate (-6 - -2) + (65 - 61).
0
Evaluate 0 + -3 + -2 - (-119 - -102).
12
Calculate (0 - -18) + (-42 - (52 - 107)).
31
What is the value of 17 + (-16 - (-11 - 2))?
14
(1 - (-7 + (1 - -8))) + -2
-3
What is the value of -36 + -2 + (1 - -3) + 2 + -3?
-35
What is the value of -9 - (-29 + 12 - -1)?
7
18 + -28 + 10 - (-4 - 3)
7
What is 6 + (-4 - -7 - 2 - -1)?
8
What is 8 - (0 - -43 - 30)?
-5
Calculate (-18 - -20) + (-11 - 3).
-12
Calculate -2 - (6 - 2 - 4) - -13.
11
What is 2 + (11 - -4 - (-51 + 58))?
10
Evaluate -4 + -5 + 1 + 7 + -10.
-11
What is -15 + (-4 - -7) - (49 - 79)?
18
What is -7 + 3 + 0 - (28 - 27 - 9)?
4
What is the value of (12 - -4) + 9 + (-2 - 13)?
10
What is -2 - (0 + (-2 - 9) - (-111 - -103))?
1
Evaluate -13 + -2 + (19 - -3).
7
Evaluate 0 + -15 + -163 + 178.
0
What is the value of (7 - (4 - 12) - 8) + 1 + -3?
5
Evaluate -21 + ((6 - 15) + 13 - -3).
-14
What is the value of (12 - (-18 + 23)) + 0 + -8?
-1
Evaluate -21 + (68 - (-11 + 32)).
26
188 - 202 - (-36 + -2)
24
What is -14 + 5 + 5 + -6 + -1?
-11
Evaluate 7 + 28 + -42 + -13.
-20
What is the value of -2 + 1 + -2 + 527 + -525?
-1
Evaluate (22 - 32) + 0 - -15.
5
Evaluate -2 + 2 - (5 + (-12 - -5)).
2
What is -4 + 2 - 6 - ((5 - -1) + -10)?
-4
(6 + -11 - -10) + 1 + 3 + -2
7
What is 2 + (-4 - -3) - ((-4 - 4) + 3)?
6
34 + (-2 + 6 + -15 - -3) + -6
20
Calculate -6 + (-20 - (1 - 12) - (-2 - 0)).
-13
What is 4 + -8 + 37 + -1 + 1 + 6?
39
Evaluate 1 + 1 - (-6 + 1 + (-3 - -9)).
1
39 + -41 + (7 - -3) + 1 + 3
12
What is -23 + (5 - -2 - -6)?
-10
What is (-18 - -36) + -14 + 4?
8
What is the value of -2 + 2 + -1 + (43 - 16) + -28?
-2
Evaluate 6 + (6 - 4 - 3 - 7).
-2
Evaluate -22 - (9 - 42 - -27).
-16
Calculate 0 + 6 + (8 - (-7 + 6 + 9)).
6
What is the value of 10 + -20 + (-10 - -19)?
-1
(0 - 0 - -5) + -734 + 719
-10
Calculate 74 + -85 + (8 - 0) + 6 + 0.
3
What is the value of (21 - 16 - 19) + 27?
13
Evaluate (0 + 1 - (23 - 23)) + (16 - 15).
2
What is 1 - 1 - (-128 + 134)?
-6
(13 - 4) + -4 - (0 + -6)
11
Evaluate 7 - (9 + 1 + 1 + 2).
-6
Evaluate -6 + -7 + -4 - (-7 - (2 - 2)).
-10
Calculate 14 + 17 - (5 - -12).
14
What is -14 + 6 + -6 - -19?
5
Calculate -7 - (119 + -118 - (0 - -3)).
-5
What is -2 + 21 + 14 - 17?
16
Evaluate -17 + 4 + (-16 - -16).
-13
19 + (0 - (29 - 15))
5
What is the value of -1 - (3 + 0) - -14 - (-169 + 181)?
-2
-10 + 14 + -16 + -1 + -3
-16
Evaluate 11 + -5 + -9 - -26.
23
What is the value of 4 - -1 - (-3 + (3 - 16))?
21
Evaluate (18 - (36 - 28)) + -32.
-22
What is -13 + 28 + 0 + -17?
-2
(-1 - -15) + -44 + -11 + 53
12
Calculate 113 + -92 + 4 + -16.
9
Calculate -8 - (-3 + -22 + (-3 - 0)).
20
Calculate 18 - (5 + 0 + 33 + -40).
20
Calculate -19 - -20 - ((-1 - -1) + -6).
7
What is the value of 3 + -17 - (-3 + 3 - (0 - -6))?
-8
Calculate (-30 - -22) + -3 + 15.
4
(1 - 0) + 18 + 204 + -199
24
Evaluate (26 - (-4 - -14)) + -15.
1
Calculate (-17 - 1) + -3 + 23 + (21 - 1).
22
What is -2 + 33 - (-19 - (9 + -41))?
18
Evaluate (-1 + -1 - -3 - 3) + -287 + 277.
-12
(41 - 3) + -66 + 38
10
What is -11 - 3 - (99 - 108) - 19?
-24
(13 - 67) + 45 + 9 + -1
-1
What is (1 + -14 - (-11 - -14 - 1)) + 0?
-15
Evaluate (14 + -18 - -26) + -10.
12
Calculate -9 + 25 + (-12 - 0).
4
What is the value of 16 + (-12 + -5 - (-1 - 4)) + 6?
10
Evaluate -4 + -2 + -12 - -10.
-8
-9 + (-15 - -39) + -33 + (1 - 1)
-18
Calculate 296 + -299 - (2 + 7).
-12
What is -6 - ((-18 - -23) + (-1 - -3) + -5)?
-8
Calculate 14 + (-5 - -6 - 7) + 7.
15
Evaluate -22 + (0 - -2) + (-15 - -15) + 3.
-17
Calculate -1 + 15 + -45 + 55 + -3.
21
Calculate 13 + (-1 + -14 - -8) - 1.
5
-1362 - -1362 - (-1 + -10)
11
Calculate -3 - (6 - 14) - (1 - 1 - 2).
7
-19 + 11 + (1 - 0) + 11 + -13
-9
What is -56 + 49 - (-3 + -16)?
12
(3 - (-2 - -1)) + (-1 - (1 - 3))
5
What is 2 + -7 + 6 - (-1 - -5) - 4?
-7
What is the value of 14 - ((3 - 9) + 8 + 37)?
-25
What is the value of 7 - (20 + (-8 - -2))?
-7
What is the value of -1 + 7 - (-10 + 5 + 10)?
1
What is the value of 4 + (0 + 0 + -2 - 3)?
-1
Calculate -14 + (8 + -4 + -9 - -3).
-16
Evaluate (5 - (-36 + 23)) + -50.
-32
What is (0 - 24) + 833 + -821?
-12
Evaluate (-726 - -720) + -11 + -1.
-18
Calculate (1 - -2 - (-10 - -4)) + 4.
13
What is 18 - 8 - (2 + 6)?
2
Calculate 22 - (5 - 1) - 6.
12
Calculate ((-2 - 6) + -7 - -8) + (1 - -2).
-4
Evaluate -14 + (14 - 33 - -20).
-13
What is (-2 - -5 - 16) + -3 + 12 + -2?
-6
What is the value of (9 - 10 - 11) + 15?
3
What is the value of 23 - 2 - (9 + (-7 - -1) + -2)?
20
Evaluate -3 + (10 - (8 + 3)).
-4
2 + 1 + (-17 - -3) + 4 + 1
-6
Evaluate 5 + (-2 - -1 - 2) - 6.
-4
What is -41 + 54 - 37 - (0 - 5)?
-19
What is the value of -5 - ((-1 - -1) + (-11 - (-8 - 0)))?
-2
Evaluate -15 + 3 + (-14 - -22).
-4
What is 5 + (-1 - 2) + (31 - 41) - -9?
1
(3 - 0) + (1 - -1 - (29 + -22))
-2
What is the value of 356 + -369 + -1 + 30 - -9?
25
-1 + -8 + 9 - 13
-13
What is -20 + (3 - -11) + 5 - (0 - 7)?
6
Evaluate (-9 - 1 - 0) + -19 + 26 + -16.
-19
What is 18 + -9 + 7 + -15 + (6 - -1)?
8
What is the value of -9 + (-3 - 0 - ((0 - 0) + -3))?
-9
-2 + 12 + -2 - (-13 - -56 - 34)
-1
What is -10 - (10 - 3) - -5?
-12
What is the value of (2 - 0) + 40 - (-652 + 662)?
32
(40 - (-2 + 3)) + -2 + (202 - 213)
26
(29 - -7 - 39) + 29 + 1
27
Evaluate 2 - (-11 + 6 + -6 - (-6 + 2)).
9
What is the value of (-27 + 18 - 40) + 37?
-12
Calculate (27 - 21) + 11 - 36.
-19
Evaluate 1 - (9 + -7 + -3 + -7).
9
Calculate 8 + (-5 - (-17 - -41)).
-21
What is the value of 6 + -41 + 17 + 12?
-6
What is the value of -69 + (77 - 31) + -15?
-38
-5 + (7 + 3 - -3) - 6
2
What is (4 - (7 + 7 + 0)) + 42?
32
What is the value of (77 + -156 - -76) + (0 - (4 + 0))?
-7
What is the value of -5 - -16 - (5 - 12 - -3)?
15
Evaluate 11 + 0 + 0 + 121 + -44 + -48.
40
(154 - 153) + -6 + (3 - (0 - -3))
-5
What is -1 - (-23 + (6 - -28))?
-12
What is 14 - (-6 - ((-21 - -10) + -26))?
-17
What is the value of 2 + 0 - (-17 + 15 - 4)?
8
8 + (-9 + 5 + -8 - -10)
6
What is 12 + ((2 + 0 - -1) + 3 - -1)?
19
What is the value of -3 + (24 - (-3 - 0) - (-166 - -169))?
21
What is 11 - (0 + -1 + -2 + 6 + 3)?
5
What is the value of -15 - (-11 - (-8 + 3 + 3)) - -26?
20
Evaluate ((1 - -17) + 9 - 3) + -7.
17
What is the value of 13 + -2 + (33 - 33)?
11
What is (-17 - (-3 + 2 - 9)) + 2?
-5
Calculate 48 + -17 - -4 - 21.
14
What is 45 - (11 + -4 + 16)?
22
What is -14 + (30 - 13 - -16)?
19
What is the value of (-13 - -14) + 11 - -20 - 9?
23
What is (-29 - -45) + (-9 - 1) + (-1 - -22)?
27
What is the value of -19 - (2 + 0 + -7 + 4)?
-18
-5 + -1 + -12 - (14 + -9)
-23
What is (-1 + 3 - -5) + 11 + -25 - -9?
2
Evaluate 87 - 81 - (13 + 1).
-8
Calculate 20 + (-14 + 21 - (70 - 4)).
-39
3 + (-2 - 5) + 29 + 6 + -9
22
(-8 - (-8 + -10)) + (4 - 5 - -2)
11
Calculate (12 - 2) + (-7 - -20) + -12.
11
3 - 28 - (-297 + 301)
-29
Calculate 11 + -13 + 0 - -13.
11
What is -6 + -10 + (1 - -8)?
-7
1 - (-5 - -2) - (-5 + 22)
-13
Evaluate 22 + (-73 - -83 - (-2 + -2)).
36
What is 6 + (-11 - (-6 + 0)) + 3 - 13?
-9
Evaluate -1 - ((5 - -13) + -28).
9
Evaluate -37 + 2 + 563 + -512.
16
2 + -5 + (4 - 5) + 2 + 9
7
-5 - 1 - (-87 + 66)
15
Calculate 0 + (1 - 13) - (-155 - -160).
-17
(-5 - -6) + -4 + (2 - -2 - -6)
7
Calculate 3 + 19 + (-5 + -7 - -3).
13
Calculate (0 - -9) + -39 + 16.
-14
Calculate (-4 - -13) + (15 + 7 - 6).
25
Calculate 20 - (-2 + 0) - (24 + 6 + -26).
18
Calculate -1 + 24 - 13 - (-4 - -8).
6
218 + -192 - (6 - -33)
-13
What is the value of (-3 - 26) + (-5 + -11 + 28 - 22)?
-39
0 + -3 - (-35 - (-5 - 4 - 6))
17
Calculate 1 - 29 - (6 + -6 + (-12 - -4)).
-20
24 + (-9 - -12) + -11 + 6
22
What is (-38 + 54 - -3) + 0 + 3?
22
Calculate (11 - 5) + 5 + -13 - -5 - -7.
10
What is the value of 1 + -8 + (-4 - -2) + 12?
3
26 + 35 + -32 - 32
-3
What is the value of 11 + ((84 - 83) + (-10 - 0) - 0)?
2
Calculate (-6 + -8 - (4 - (5 + -3))) + 4.
-12
What is the value of